highest common divisor of 4864 and 1596.
76
Calculate the highest common factor of 16 and 652.
4
Calculate the greatest common divisor of 270 and 10935.
135
What is the greatest common divisor of 12 and 3?
3
What is the greatest common factor of 392 and 168?
56
Calculate the highest common divisor of 220 and 605.
55
Calculate the greatest common divisor of 187 and 154.
11
Calculate the greatest common divisor of 55 and 44.
11
What is the greatest common divisor of 22058 and 164?
82
What is the highest common divisor of 38 and 722?
38
What is the greatest common factor of 480 and 1392?
48
Calculate the greatest common factor of 2130 and 150.
30
Calculate the greatest common divisor of 184 and 2116.
92
What is the greatest common divisor of 39 and 416?
13
What is the highest common divisor of 473 and 43?
43
Calculate the greatest common factor of 44 and 44.
44
Calculate the highest common factor of 847 and 231.
77
Calculate the greatest common divisor of 1440 and 675.
45
Calculate the greatest common divisor of 1687 and 14.
7
Calculate the greatest common factor of 39 and 234.
39
What is the highest common divisor of 55 and 22?
11
Calculate the highest common divisor of 30 and 1935.
15
What is the highest common factor of 228 and 513?
57
What is the greatest common factor of 3105 and 135?
135
Calculate the greatest common factor of 14 and 224.
14
Calculate the highest common divisor of 660 and 88.
44
Calculate the greatest common divisor of 110 and 4730.
110
What is the greatest common factor of 60 and 5535?
15
Calculate the highest common factor of 48 and 48.
48
What is the highest common divisor of 180 and 420?
60
What is the highest common factor of 1537 and 159?
53
What is the highest common factor of 63 and 63?
63
What is the highest common factor of 510 and 68?
34
What is the greatest common factor of 7192 and 8?
8
Calculate the highest common factor of 16 and 6732.
4
What is the greatest common divisor of 14 and 189?
7
Calculate the highest common factor of 99 and 63.
9
What is the highest common factor of 352 and 77?
11
Calculate the greatest common factor of 134 and 4.
2
Calculate the highest common factor of 34 and 36822.
34
What is the highest common divisor of 248 and 93?
31
What is the greatest common divisor of 110 and 3520?
110
Calculate the highest common factor of 70 and 224.
14
Calculate the highest common factor of 72 and 27.
9
Calculate the highest common divisor of 768 and 8896.
64
Calculate the greatest common factor of 14 and 287.
7
What is the greatest common factor of 640 and 10?
10
What is the greatest common factor of 220 and 176?
44
Calculate the highest common factor of 9 and 1.
1
What is the greatest common factor of 59 and 33571?
59
Calculate the greatest common factor of 90 and 12.
6
Calculate the greatest common factor of 170 and 238.
34
Calculate the greatest common divisor of 47 and 4559.
47
What is the greatest common divisor of 1170 and 234?
234
Calculate the greatest common factor of 540 and 20.
20
Calculate the highest common factor of 979 and 623.
89
What is the highest common factor of 351 and 39?
39
What is the highest common factor of 1870 and 22?
22
Calculate the highest common factor of 469 and 7.
7
Calculate the highest common factor of 336 and 42.
42
What is the greatest common divisor of 285 and 75?
15
What is the highest common factor of 848 and 8?
8
What is the highest common divisor of 960 and 144?
48
Calculate the greatest common factor of 299 and 92.
23
Calculate the greatest common factor of 627 and 1425.
57
Calculate the greatest common factor of 15 and 105.
15
What is the highest common divisor of 5 and 145?
5
Calculate the greatest common divisor of 75 and 5300.
25
What is the highest common factor of 3666 and 1410?
282
What is the highest common factor of 126 and 15813?
63
Calculate the highest common factor of 108 and 288.
36
What is the highest common divisor of 6409 and 663?
221
Calculate the highest common factor of 2673 and 33.
33
Calculate the highest common factor of 127 and 2413.
127
What is the greatest common divisor of 252 and 112?
28
Calculate the greatest common divisor of 5989 and 226.
113
What is the highest common factor of 369 and 639?
9
Calculate the highest common factor of 12 and 318.
6
What is the highest common factor of 144 and 48?
48
What is the greatest common factor of 48 and 10128?
48
Calculate the highest common factor of 19 and 8341.
19
Calculate the highest common factor of 10 and 230.
10
What is the highest common divisor of 3531 and 429?
33
What is the highest common divisor of 5 and 17?
1
Calculate the greatest common divisor of 917 and 7.
7
Calculate the greatest common divisor of 330 and 88.
22
What is the greatest common factor of 2032 and 48?
16
Calculate the greatest common factor of 95 and 55.
5
What is the highest common factor of 18 and 36?
18
Calculate the highest common factor of 98 and 1274.
98
What is the highest common divisor of 85 and 415?
5
Calculate the greatest common divisor of 17 and 289.
17
Calculate the highest common factor of 42 and 6027.
21
What is the greatest common divisor of 56 and 1456?
56
What is the greatest common factor of 1470 and 84?
42
Calculate the greatest common divisor of 109 and 2943.
109
What is the greatest common factor of 4298 and 14?
14
What is the greatest common factor of 5 and 16?
1
Calculate the greatest common divisor of 19 and 1007.
19
Calculate the greatest common divisor of 116 and 174.
58
Calculate the greatest common factor of 1722 and 14.
14
What is the greatest common divisor of 1 and 40?
1
Calculate the highest common factor of 42 and 11368.
14
What is the greatest common divisor of 805 and 35?
35
Calculate the highest common factor of 96 and 72.
24
Calculate the highest common divisor of 825 and 30.
15
Calculate the highest common factor of 72 and 840.
24
What is the greatest common divisor of 140 and 490?
70
What is the greatest common factor of 8 and 316?
4
What is the highest common divisor of 2 and 19?
1
Calculate the greatest common factor of 351 and 390.
39
What is the highest common divisor of 120 and 170?
10
Calculate the highest common factor of 36 and 45.
9
Calculate the highest common factor of 13668 and 204.
204
Calculate the greatest common factor of 3460 and 100.
20
What is the highest common factor of 669 and 1784?
223
What is the greatest common divisor of 65 and 5655?
65
What is the highest common divisor of 52 and 68?
4
Calculate the highest common factor of 135 and 513.
27
What is the highest common divisor of 78 and 6864?
78
What is the greatest common divisor of 278 and 30997?
139
Calculate the highest common factor of 120 and 72.
24
What is the highest common factor of 13 and 2509?
13
Calculate the greatest common factor of 31 and 155.
31
What is the greatest common factor of 3190 and 220?
110
What is the highest common divisor of 626 and 3443?
313
Calculate the highest common factor of 112 and 70.
14
What is the greatest common divisor of 108 and 60?
12
Calculate the greatest common factor of 330 and 594.
66
What is the greatest common factor of 12 and 204?
12
Calculate the greatest common divisor of 4472 and 52.
52
Calculate the greatest common divisor of 60 and 280.
20
What is the greatest common divisor of 13065 and 390?
195
Calculate the greatest common factor of 3240 and 40.
40
What is the greatest common factor of 237 and 869?
79
Calculate the greatest common factor of 90 and 27.
9
Calculate the greatest common factor of 12966 and 6.
6
Calculate the highest common factor of 76 and 148.
4
Calculate the highest common factor of 464 and 2048.
16
What is the greatest common divisor of 5 and 410?
5
What is the greatest common divisor of 10575 and 325?
25
What is the highest common factor of 167 and 1?
1
Calculate the greatest common factor of 896 and 9184.
224
What is the highest common factor of 1995 and 42?
21
Calculate the highest common factor of 11 and 187.
11
What is the greatest common factor of 3 and 78?
3
Calculate the highest common factor of 204 and 55284.
204
What is the highest common divisor of 287 and 7?
7
What is the greatest common divisor of 264 and 5852?
44
What is the greatest common divisor of 713 and 496?
31
Calculate the highest common factor of